258 is divided by 30.
18
What is the remainder when 1119 is divided by 51?
48
What is the remainder when 10027 is divided by 48?
43
What is the remainder when 6345 is divided by 11?
9
What is the remainder when 387 is divided by 88?
35
What is the remainder when 70 is divided by 5?
0
What is the remainder when 213 is divided by 12?
9
Calculate the remainder when 1907 is divided by 106.
105
Calculate the remainder when 45 is divided by 12.
9
Calculate the remainder when 101 is divided by 11.
2
What is the remainder when 187 is divided by 36?
7
Calculate the remainder when 560 is divided by 47.
43
Calculate the remainder when 57 is divided by 6.
3
What is the remainder when 456 is divided by 20?
16
Calculate the remainder when 3033 is divided by 6.
3
What is the remainder when 69 is divided by 9?
6
Calculate the remainder when 5131 is divided by 29.
27
What is the remainder when 1638 is divided by 151?
128
Calculate the remainder when 363 is divided by 26.
25
Calculate the remainder when 388 is divided by 30.
28
What is the remainder when 401 is divided by 144?
113
Calculate the remainder when 440 is divided by 9.
8
What is the remainder when 2207 is divided by 158?
153
What is the remainder when 349 is divided by 13?
11
What is the remainder when 85 is divided by 24?
13
Calculate the remainder when 1396 is divided by 67.
56
Calculate the remainder when 356 is divided by 112.
20
What is the remainder when 546 is divided by 531?
15
What is the remainder when 3932 is divided by 281?
279
Calculate the remainder when 449 is divided by 15.
14
What is the remainder when 191 is divided by 69?
53
Calculate the remainder when 43 is divided by 7.
1
Calculate the remainder when 185 is divided by 26.
3
Calculate the remainder when 179 is divided by 8.
3
Calculate the remainder when 348 is divided by 23.
3
Calculate the remainder when 73 is divided by 23.
4
Calculate the remainder when 93 is divided by 28.
9
Calculate the remainder when 2153 is divided by 97.
19
What is the remainder when 698 is divided by 14?
12
Calculate the remainder when 197 is divided by 18.
17
Calculate the remainder when 423 is divided by 144.
135
Calculate the remainder when 276 is divided by 135.
6
What is the remainder when 3116 is divided by 3114?
2
What is the remainder when 454 is divided by 246?
208
Calculate the remainder when 1831 is divided by 68.
63
What is the remainder when 6419 is divided by 10?
9
Calculate the remainder when 73 is divided by 11.
7
What is the remainder when 159 is divided by 150?
9
Calculate the remainder when 5722 is divided by 159.
157
What is the remainder when 1087 is divided by 122?
111
Calculate the remainder when 74 is divided by 15.
14
What is the remainder when 7941 is divided by 227?
223
What is the remainder when 83 is divided by 29?
25
Calculate the remainder when 292 is divided by 52.
32
Calculate the remainder when 447 is divided by 66.
51
Calculate the remainder when 1046 is divided by 25.
21
What is the remainder when 119 is divided by 41?
37
What is the remainder when 1382 is divided by 11?
7
What is the remainder when 1343 is divided by 441?
20
Calculate the remainder when 289 is divided by 129.
31
What is the remainder when 167 is divided by 2?
1
What is the remainder when 199 is divided by 89?
21
What is the remainder when 304 is divided by 39?
31
What is the remainder when 4947 is divided by 28?
19
What is the remainder when 228 is divided by 29?
25
Calculate the remainder when 201 is divided by 34.
31
Calculate the remainder when 60 is divided by 60.
0
What is the remainder when 234 is divided by 3?
0
What is the remainder when 290 is divided by 75?
65
What is the remainder when 102 is divided by 19?
7
What is the remainder when 3586 is divided by 13?
11
What is the remainder when 318 is divided by 41?
31
What is the remainder when 533 is divided by 12?
5
What is the remainder when 547 is divided by 69?
64
What is the remainder when 124 is divided by 14?
12
What is the remainder when 315 is divided by 40?
35
Calculate the remainder when 3644 is divided by 1821.
2
Calculate the remainder when 91 is divided by 32.
27
What is the remainder when 437 is divided by 3?
2
Calculate the remainder when 620 is divided by 95.
50
Calculate the remainder when 1204 is divided by 298.
12
What is the remainder when 7 is divided by 2?
1
What is the remainder when 488 is divided by 141?
65
Calculate the remainder when 1450 is divided by 84.
22
What is the remainder when 870 is divided by 143?
12
What is the remainder when 279 is divided by 41?
33
Calculate the remainder when 4366 is divided by 39.
37
Calculate the remainder when 383 is divided by 96.
95
What is the remainder when 12255 is divided by 119?
117
Calculate the remainder when 323 is divided by 36.
35
Calculate the remainder when 753 is divided by 205.
138
Calculate the remainder when 92 is divided by 34.
24
Calculate the remainder when 162 is divided by 41.
39
What is the remainder when 6568 is divided by 4?
0
What is the remainder when 755 is divided by 33?
29
Calculate the remainder when 145 is divided by 35.
5
What is the remainder when 193 is divided by 23?
9
What is the remainder when 276 is divided by 10?
6
What is the remainder when 71 is divided by 15?
11
What is the remainder when 1058 is divided by 150?
8
Calculate the remainder when 201 is divided by 101.
100
What is the remainder when 1992 is divided by 21?
18
What is the remainder when 279 is divided by 56?
55
Calculate the remainder when 4806 is divided by 1201.
2
What is the remainder when 1524 is divided by 61?
60
What is the remainder when 1007 is divided by 63?
62
Calculate the remainder when 3795 is divided by 181.
175
Calculate the remainder when 6297 is divided by 90.
87
What is the remainder when 317 is divided by 72?
29
What is the remainder when 647 is divided by 132?
119
What is the remainder when 390 is divided by 56?
54
What is the remainder when 220 is divided by 56?
52
Calculate the remainder when 82 is divided by 6.
4
What is the remainder when 55 is divided by 10?
5
Calculate the remainder when 2663 is divided by 11.
1
Calculate the remainder when 77 is divided by 48.
29
Calculate the remainder when 515 is divided by 47.
45
Calculate the remainder when 653 is divided by 214.
11
What is the remainder when 1619 is divided by 60?
59
Calculate the remainder when 293 is divided by 72.
5
What is the remainder when 233 is divided by 6?
5
Calculate the remainder when 523 is divided by 212.
99
Calculate the remainder when 988 is divided by 18.
16
Calculate the remainder when 2361 is divided by 784.
9
What is the remainder when 144 is divided by 37?
33
What is the remainder when 56 is divided by 10?
6
What is the remainder when 655 is divided by 124?
35
Calculate the remainder when 139 is divided by 8.
3
What is the remainder when 1798 is divided by 12?
10
What is the remainder when 8 is divided by 4?
0
What is the remainder when 140 is divided by 49?
42
What is the remainder when 1729 is divided by 576?
1
What is the remainder when 2432 is divided by 105?
17
What is the remainder when 147 is divided by 84?
63
What is the remainder when 113 is divided by 64?
49
Calculate the remainder when 931 is divided by 158.
141
What is the remainder when 244 is divided by 13?
10
What is the remainder when 610 is divided by 39?
25
What is the remainder when 214 is divided by 9?
7
Calculate the remainder when 320 is divided by 17.
14
Calculate the remainder when 1861 is divided by 6.
1
What is the remainder when 125 is divided by 26?
21
What is the remainder when 724 is divided by 14?
10
What is the remainder when 887 is divided by 238?
173
What is the remainder when 10437 is divided by 174?
171
Calculate the remainder when 4525 is divided by 89.
75
Calculate the remainder when 306 is divided by 144.
18
Calculate the remainder when 2237 is divided by 203.
4
Calculate the remainder when 3127 is divided by 314.
301
What is the remainder when 856 is divided by 222?
190
What is the remainder when 403 is divided by 171?
61
Calculate the remainder when 94 is divided by 23.
2
What is the remainder when 2724 is divided by 100?
24
What is the remainder when 283 is divided by 21?
10
Calculate the remainder when 697 is divided by 13.
8
Wh